 factors of h.
2
Suppose -36 = -2*m + 3*p, 0 = -m - 2*p + 7 + 18. Let b = -8 - -12. Suppose k - b*k = -m. What are the prime factors of k?
7
Let z(c) = -c**2 + 3*c + 4. Let j be z(5). Suppose a + 2 = 2*f + 3, 5*f = a - 7. Let x = a - j. List the prime factors of x.
3
Suppose 0*n + 2*n - 56 = 0. List the prime factors of n.
2, 7
Let g(x) = 2*x**3 - 15*x**2 + x - 3. Let t(i) = i**3 - 7*i**2 - 1. Let h(y) = 2*g(y) - 5*t(y). List the prime factors of h(5).
3
Let s = 17 + -9. Suppose -3*v = v + s. What are the prime factors of 1 - (v*1 + 1)?
2
Let b(h) = -h**2 + 8*h - 8. Let a be b(7). List the prime factors of 1*5 + a + 0.
2
Let z(c) = -c - 12. Let f be z(-6). What are the prime factors of f/9 - (-34)/6?
5
Suppose x + 8 = 2*x. Suppose 0 = -5*f - d + x + 154, 0 = -5*f + 3*d + 154. What are the prime factors of f?
2
Suppose -463 = -3*s + 38. What are the prime factors of s?
167
Suppose -3*x = -2*k - 75 - 0, -38 = -x + 5*k. Suppose 0 = 2*i - 5*h - 43, -x = -2*i + h - 0*h. List the prime factors of i.
3
Suppose 2*w = 2*i + 6*w - 32, 4*w + 4 = 0. What are the prime factors of i?
2, 3
Suppose -168 = -4*u - 4*l, -4*l - 62 = -u - l. List the prime factors of u.
47
Let y(b) = -3*b - 3. Let j = -11 - -7. What are the prime factors of y(j)?
3
Let p(a) = a**3 + 8*a**2 + 2*a + 1. What are the prime factors of p(-7)?
2, 3
Let d(x) = x + 9. Let l be d(0). Let z(n) = 5*n + 7. Let s(t) = 4*t + 7. Let p(u) = -6*s(u) + 5*z(u). List the prime factors of p(l).
2
List the prime factors of (-210)/(-40)*(-104)/(-6).
7, 13
Suppose -648 - 992 = -4*g - 4*s, 2*g - 824 = -4*s. List the prime factors of g.
2, 3, 17
Suppose k - 292 = -k. List the prime factors of k.
2, 73
Let v be 1/(2/128*2). Let i = -5 + v. What are the prime factors of i?
3
Suppose 111 = -5*g + 481. List the prime factors of g.
2, 37
Let g(r) = 4*r**2 - 4*r + 5. Let v(f) = 3*f**2 - 5*f + 6. Let n(s) = -2*g(s) + 3*v(s). Let b be n(7). Let o = b - 5. What are the prime factors of o?
3
Suppose 3*h - 63 = -24. What are the prime factors of h?
13
Suppose 28 = 2*g + 3*a - 10, a - 64 = -3*g. Let n = g + 12. List the prime factors of n.
2, 17
List the prime factors of (-19 - -20)*(-17)/(-1).
17
What are the prime factors of (0 + -717)*(-1 - -7)/(-18)?
239
Let n = 7 - 18. Let s(c) = -4*c - 7. List the prime factors of s(n).
37
Suppose 0 = -6*u + 8*u - 8. Suppose 3*v + a + a = 34, -u*v + 4*a = -32. Suppose 2*i = 14 + v. List the prime factors of i.
2, 3
Suppose -11*y = -7*y - 112. List the prime factors of y.
2, 7
Let y(a) = -a**2 + 10*a - 12. Let b(h) = -4*h**2 + 29*h - 35. Let d(j) = -2*b(j) + 7*y(j). List the prime factors of d(-15).
31
Let x be -3*(0 - (-21)/(-9)). Let j(i) = -i**2 + 6*i - 5. Let n be j(x). Let q = n + 21. What are the prime factors of q?
3
Suppose -4*n - 2*l - 19 = -125, -3*n + 86 = -5*l. List the prime factors of 1 + (-2)/2 + n.
3
Suppose -2*i = -2*x - 18, 3*i - 24 = 2*i + 4*x. Suppose n + 8 = 5*a, 0*n + i*a = -n + 10. Suppose 24 = n*w + 2*w. List the prime factors of w.
2, 3
Suppose 3*o = -3*y + 36, 0 = o - 4*y + 3*y - 4. List the prime factors of o.
2
Let f = -18 - -9. Let u = 13 + f. What are the prime factors of u?
2
Let u(t) = 3*t + 40. List the prime factors of u(4).
2, 13
Suppose 0 = -2*x - 2 + 22. List the prime factors of 1/(1/(3 + x)).
13
Suppose -m = -46 - 3. List the prime factors of m.
7
Let x = 7 + -3. What are the prime factors of x?
2
Let i = -6 + 9. Suppose 2*p - 60 = -i*p + f, 3*f + 59 = 4*p. What are the prime factors of p?
11
Suppose 6*i = 5*i + 84. Let m be i/9 + (-2)/6. What are the prime factors of 6/m*(-66)/(-4)?
11
Let x(k) be the second derivative of k**4/6 - 7*k**3/6 - 6*k**2 - 5*k. List the prime factors of x(6).
2, 3
Suppose 2*k + a - 37 = 0, -63 = -3*k - 0*a - 3*a. List the prime factors of k.
2
Let d(k) = 39*k - 7. What are the prime factors of d(4)?
149
Suppose -3*i = -4*q - 27, -4*i - 2*q - 3*q = -36. Let u(j) = -10 - 3 - j**2 + 3 + i*j. List the prime factors of u(7).
2
Let c = 6 + -2. Suppose -3*l - 3*m + 14 = -2*l, -c*l + 5*m = -73. Let x = l + -8. List the prime factors of x.
3
Let l(z) = 3*z**2 - 4*z - 3. List the prime factors of l(3).
2, 3
Suppose 3*z - 64 = 23. What are the prime factors of z?
29
Let l be 46/14 - (-2)/(-7). Suppose 5 = u - l*b, 7*u - 2*u - b = 11. Suppose u*f - 38 = -0*f. What are the prime factors of f?
19
Let h(b) = b - 23. Let t(n) be the third derivative of -4*n**3/3 - 2*n**2. Let r(l) = 3*h(l) - 8*t(l). What are the prime factors of r(4)?
7
Let h(b) be the second derivative of b**4/12 - 4*b**3/3 + 5*b**2 - 2*b. Let n be h(7). Suppose 0 = n*m - 23 + 8. List the prime factors of m.
5
Suppose -8*v + 474 = -2*v. List the prime factors of v.
79
Let s(i) = 3*i**2 - 1. Let a be s(1). Suppose -2*z + a = -16. What are the prime factors of z?
3
Suppose 4*l + 0 = 12. Suppose 3*m + l - 36 = 2*b, -m = 2*b - 3. List the prime factors of m.
3
Suppose -4*a + 47 = -3*a. Let m = a + -23. List the prime factors of m.
2, 3
Let m = 13 - 19. Let s = m - -11. Suppose s*k - 18 = 12. What are the prime factors of k?
2, 3
Let f = 8 + 3. Suppose -f = 5*x - 81. List the prime factors of x.
2, 7
Let v be (-2)/(-11) - (-128)/22. Let h = v + -1. Suppose h*g + 1 - 11 = 0. List the prime factors of g.
2
Let j be 15/9 + (-1)/(-3). What are the prime factors of (24/(-20))/(j/(-10))?
2, 3
Let s(z) = -5*z + 5. Let p be s(5). Let w = p + 64. What are the prime factors of w/6*3/2?
11
What are the prime factors of (9 - 0)*(98 - -2)/5?
2, 3, 5
Let h = -25 + 49. List the prime factors of h.
2, 3
Let z(d) be the first derivative of -d**4/4 + 2*d**3 - d**2/2 + 8*d - 1. Let v be z(6). Suppose 0 = -v*k - 0*k + 28. What are the prime factors of k?
2, 7
Suppose s + 16 = 5*n, s - 4*s - n = 0. What are the prime factors of -1 + (27 - (s + -1))?
2, 7
Let n(o) be the second derivative of o**6/180 - o**5/20 + o**4/6 - o**3/6 - 2*o. Let j(b) be the second derivative of n(b). What are the prime factors of j(4)?
2, 3
Suppose 2*m = 26 + 52. What are the prime factors of m?
3, 13
Let f = 1 + 130. What are the prime factors of f?
131
Let b be 4/6 + 44/33. Suppose b*o = 3*c - 150, 220 - 64 = 3*c - 4*o. List the prime factors of c.
2, 3
Let g = -10 + 8. List the prime factors of 168/20 - g/(-5).
2
Suppose 4*w + 0*w - 5 = 3*n, 5*w = 4*n + 6. Suppose n = -v + 16. List the prime factors of v.
3, 5
Let v(z) = -z**3 - z**2 + z + 55. What are the prime factors of v(0)?
5, 11
Let g(h) = 42*h**3 - h**2 + 1. List the prime factors of g(1).
2, 3, 7
Suppose 0 = -5*x - 7 - 13. Let q(u) = u**3 + 8*u**2 - 6. Let n be q(-8). Let h = x - n. What are the prime factors of h?
2
Suppose -5 + 15 = 5*r. Suppose 0 = 4*n + r*z - 14, 4*n - 7*z - 39 = -4*z. List the prime factors of n.
2, 3
Let o = 22 + -16. Let p(z) = -z**2 + 9*z - 1. List the prime factors of p(o).
17
Suppose t - 2 = -k + 15, -3*t = -k - 59. Suppose 13 = 2*q - t. List the prime factors of q.
2
Let u(y) = 2*y - 5. Let d be u(6). Let c be 2/(-2 - (-16)/d). Suppose -c = -z - 3. What are the prime factors of z?
2
Let k = 1 - 1. Suppose -n - 46 = -4*c, -4*n - 4 - 4 = k. What are the prime factors of c?
11
Let u be (-2)/(-1) + -2 + 2. Let m = u + 1. Suppose -4*t = 12, -60 = -2*f - m*f + 5*t. What are the prime factors of f?
3
Suppose 6*g - 3*g - 222 = 0. What are the prime factors of g?
2, 37
Let i = 7 - 5. Suppose n = 3*h - 4*h - 8, -h = -i*n + 17. Let s = 18 + h. List the prime factors of s.
7
Suppose f - 29 = -0*f + 3*x, 0 = -x. What are the prime factors of f?
29
Let n be 1*(-1*9 - 0). Let h = -45 + 27. Let o = n - h. List the prime factors of o.
3
Suppose -f + 12 = -0*f. Let k = f - 1. List the prime factors of k.
11
Suppose -j + 37 = -29. List the prime factors of j.
2, 3, 11
Let a be 10*1*(-4)/(-8). Suppose 0 = -5*z - 15, -z + 2*z = -a*l - 3. Suppose -3*r - r = 2*h - 44, l = r + 5*h - 11. What are the prime factors of r?
11
Suppose 0*m - 9 = -3*m. Let w be m/(-9)*-3 - -12. Let s = w - 3. What are the prime factors of s?
2, 5
Suppose 0 = -5*q - 0*z - 4*z + 400, -162 = -2*q - 2*z. What are the prime factors of q?
2, 19
Let x be 18/4*2/3. Suppose 0*h + x*h = 15. Suppose -2*v - 2 = -5*g, 5*g - 28 = g - h*v. List the prime factors of g.
2
Suppose -5*k + 75 = -5*m, -k - 5*m = -8 - 19. Let p = -26 + k. List the prime factors of (-42)/p - 2/(-6).
5
Let